{"id":1237,"date":"2021-09-26T14:31:00","date_gmt":"2021-09-26T12:31:00","guid":{"rendered":"https:\/\/kismed.eu\/?page_id=1237"},"modified":"2022-09-26T14:33:13","modified_gmt":"2022-09-26T12:33:13","slug":"impressum","status":"publish","type":"page","link":"https:\/\/kismed.eu\/index.php\/impressum\/","title":{"rendered":"Impressum"},"content":{"rendered":"\n<h2 class=\"wp-block-heading\"><br><\/h2>\n\n\n\n<figure class=\"wp-block-image size-full\"><img loading=\"lazy\" decoding=\"async\" width=\"1\" height=\"1\" src=\"https:\/\/kismed.eu\/wp-content\/uploads\/2022\/09\/image.gif\" alt=\"\" class=\"wp-image-1238\" title=\"Weiterlesen\u00a0\u2026\"\/><\/figure>\n\n\n\n<p><\/p>\n\n\n\n<h3 class=\"wp-block-heading\"><a href=\"mailto:julia@kistner.at\"><strong>Juliane Kistner<\/strong><\/a><\/h3>\n\n\n\n<h3 class=\"wp-block-heading\">KisMed<br>Kistner Medien<\/h3>\n\n\n\n<h5 class=\"wp-block-heading\">Dorfstrasse 26, A-2286 Haringsee<br>Tel. +43 2214 48023<\/h5>\n\n\n\n<p>auch auf <strong><a href=\"https:\/\/www.linkedin.com\/in\/juliakistner\" target=\"_blank\" rel=\"noreferrer noopener\">LinkedIn,<\/a><\/strong> <strong><a href=\"https:\/\/www.xing.com\/profile\/Julia_Kistner2?sc_o=mxb_p\" target=\"_blank\" rel=\"noreferrer noopener\">Xing<\/a><\/strong>, <strong><a href=\"https:\/\/twitter.com\/JuliaKistner\/\" target=\"_blank\" rel=\"noreferrer noopener\">Twitter<\/a><\/strong> und <strong><a href=\"https:\/\/www.facebook.com\/julia.M.kistner\" target=\"_blank\" rel=\"noreferrer noopener\">Facebook<\/a><\/strong><\/p>\n\n\n\n<h4 class=\"wp-block-heading\">Unternehmensgegenstand<\/h4>\n\n\n\n<p>Erstellung und Ver\u00f6ffentlichung von Zeitungen, Zeitschriften, B\u00fccher im Online- und Druckbereich und alle damit in Zusammenhang stehenden T\u00e4tigkeiten, Finanzbildung in Form von Vortr\u00e4gen, redaktionellen Print-, Audio- und Video-Beitr\u00e4gen<\/p>\n\n\n\n<h4 class=\"wp-block-heading\">Grundlegende Richtung (\u201eBlattlinie\u201c)<\/h4>\n\n\n\n<p>Sie ist die gesammelte, vielf\u00e4ltige Meinung der unabh\u00e4ngigen Autoren der Angebote von KisMed.<\/p>\n\n\n\n<h4 class=\"wp-block-heading\">Haftung f\u00fcr Inhalte<\/h4>\n\n\n\n<p>Die Inhalte unserer Produkete wurden mit gr\u00f6\u00dfter Sorgfalt erstellt. F\u00fcr die Richtigkeit, Vollst\u00e4ndigkeit und Aktualit\u00e4t der Inhalte gibt es jedoch keine Gew\u00e4hr.<\/p>\n\n\n\n<p>Als Content-Anbieter sind wir gem\u00e4\u00df \u00a7 6 Abs.1 MDStV und \u00a7 8 Abs.1 TDG f\u00fcr eigene Inhalte auf diesen Seiten nach den allgemeinen Gesetzen verantwortlich. Wir sind jedoch nicht verpflichtet, die von ihnen \u00fcbermittelten oder gespeicherten fremden Informationen zu \u00fcberwachen oder nach Umst\u00e4nden zu forschen, die auf eine rechtswidrige T\u00e4tigkeit hinweisen. Verpflichtungen zur Entfernung oder Sperrung der Nutzung von Informationen nach den allgemeinen Gesetzen bleiben hiervon unber\u00fchrt. Eine entsprechende Haftung ist jedoch erst ab dem Zeitpunkt der Kenntnis einer konkreten Rechtsverletzung m\u00f6glich. Sind uns entsprechende Rechtsverletzungen bekannt, werden wir die betroffenen Inhalte umgehend entfernen.<\/p>\n\n\n\n<h4 class=\"wp-block-heading\">Haftung f\u00fcr Links<\/h4>\n\n\n\n<p>Unser Serviceleistungen enthalten Links zu externen Webseiten Dritter, auf deren Inhalte wir keinen Einfluss haben und daher f\u00fcr diese fremden Inhalte auch keine Gew\u00e4hr \u00fcbernehmen. F\u00fcr die Inhalte der verlinkten Seiten sind ausschlie\u00dflich der jeweilige Anbieter oder Betreiber der Seiten verantwortlich. Die verlinkten Seiten wurden zum Zeitpunkt der Verlinkung auf m\u00f6gliche Rechtsverst\u00f6\u00dfe \u00fcberpr\u00fcft. Rechtswidrige Inhalte waren zum Zeitpunkt der Verlinkung nicht erkennbar. Eine dauerhafte inhaltliche Kontrolle der verlinkten Seiten ist jedoch ohne konkrete Anhaltspunkte einer Rechtsverletzung nicht m\u00f6glich. Werden uns Rechtsverletzungen bekannt, werden wir die betroffenen externen Links umgehend entfernen.<\/p>\n\n\n\n<h4 class=\"wp-block-heading\">Urheberrecht<\/h4>\n\n\n\n<p>Die Betreiber der Seiten sind bestrebt, die Urheberrechte anderer zu beachten und auf selbst erstellte sowie lizenzfreie Inhalte zur\u00fcckzugreifen.<\/p>\n\n\n\n<p>Die durch die Seitenbetreiber erstellten Inhalte und Werke auf diesen Seiten unterliegen dem \u00f6sterreichischen Urheberrecht. So werden Beitr\u00e4ge Dritter als Fremdbeitr\u00e4ge gekennzeichnet. Die Vervielf\u00e4ltigung, Bearbeitung, Verbreitung und jede Art der Verwertung au\u00dferhalb der Grenzen des Urheberrechtes bed\u00fcrfen der schriftlichen Zustimmung des jeweiligen Urhebers. Downloads und Kopien dieser Seite sind nur f\u00fcr den privaten, nicht kommerziellen Gebrauch gestattet.<\/p>\n\n\n\n<h4 class=\"wp-block-heading\">Datenschutz<\/h4>\n\n\n\n<p>Die Nutzung der Angebote und Dienste auf unserer Website ist grunds\u00e4tzlich ohne Offenlegung personenbezogener Daten (Name, Anschrift, E-Mail-Adresse etc.) m\u00f6glich. Zur laufenden Evaluierung und Weiterentwicklung unserer Website behalten wir uns lediglich das Recht vor, allgemeine Daten und Informationen zu statistischen Zwecken auszuwerten (Anzahl der Zugriffe auf die Website, abgefragte Inhalte etc.). Sofern und soweit f\u00fcr ausgew\u00e4hlte Angebote und Dienste personenbezogene Daten erforderlich sind, stimmt der User mit der Bekanntgabe seiner Daten ausdr\u00fccklich zu, dass diese f\u00fcr Zwecke der Buchhaltung und Auftragsabwicklung sowie zu Marktforschungs- und Marketingzwecken bearbeitet, gespeichert, verarbeitet und genutzt werden d\u00fcrfen.<\/p>\n\n\n\n<p>Die Betreiber der Website widersprechen in Ansehung der im Impressum offengelegten Kontaktdaten jeglicher Zusendung elektronischer Post zu Zwecken der Direktwerbung<\/p>\n\n\n\n<p>Diese Website benutzt Google Analytics, einen Webanalysedienst der Google Inc. (\u201eGoogle\u201c). Google Analytics verwendet \u201eCookies\u201c, Textdateien, die auf Ihrem Computer gespeichert werden und die eine Analyse der Benutzung der Website durch Sie erm\u00f6glichen.<\/p>\n\n\n\n<p>Die durch den Cookie erzeugten Informationen \u00fcber Ihre Benutzung dieser Website (einschlie\u00dflich Ihrer IP-Adresse) wird an einen Server von Google in den USA \u00fcbertragen und dort gespeichert. Google wird diese Informationen benutzen, um Ihre Nutzung der Website auszuwerten, um Reports \u00fcber die Websiteaktivit\u00e4ten f\u00fcr die Websitebetreiber zusammenzustellen und um weitere mit der Websitenutzung und der Internetnutzung verbundene Dienstleistungen zu erbringen. Auch wird Google diese Informationen gegebenenfalls an Dritte \u00fcbertragen, sofern dies gesetzlich vorgeschrieben oder soweit Dritte diese Daten im Auftrag von Google verarbeiten.<\/p>\n\n\n\n<p>Sie k\u00f6nnen die Installation der Cookies durch eine entsprechende Einstellung Ihrer Browser Software verhindern; wir weisen Sie jedoch darauf hin, dass Sie in diesem Fall gegebenenfalls nicht s\u00e4mtliche Funktionen dieser Website vollumf\u00e4nglich nutzen k\u00f6nnen. Durch die Nutzung dieser Website erkl\u00e4ren Sie sich mit der Bearbeitung der \u00fcber Sie erhobenen Daten durch Google in der zuvor beschriebenen Art und Weise und zu dem zuvor benannten Zweck einverstanden.<\/p>\n","protected":false},"excerpt":{"rendered":"<p>Juliane Kistner KisMedKistner Medien Dorfstrasse 26, A-2286 HaringseeTel. +43 2214 48023 auch auf LinkedIn, Xing, Twitter und Facebook<\/p>\n","protected":false},"author":1,"featured_media":0,"parent":0,"menu_order":0,"comment_status":"closed","ping_status":"closed","template":"","meta":{"footnotes":""},"class_list":["post-1237","page","type-page","status-publish","hentry"],"jetpack_sharing_enabled":true,"_links":{"self":[{"href":"https:\/\/kismed.eu\/index.php\/wp-json\/wp\/v2\/pages\/1237","targetHints":{"allow":["GET"]}}],"collection":[{"href":"https:\/\/kismed.eu\/index.php\/wp-json\/wp\/v2\/pages"}],"about":[{"href":"https:\/\/kismed.eu\/index.php\/wp-json\/wp\/v2\/types\/page"}],"author":[{"embeddable":true,"href":"https:\/\/kismed.eu\/index.php\/wp-json\/wp\/v2\/users\/1"}],"replies":[{"embeddable":true,"href":"https:\/\/kismed.eu\/index.php\/wp-json\/wp\/v2\/comments?post=1237"}],"version-history":[{"count":1,"href":"https:\/\/kismed.eu\/index.php\/wp-json\/wp\/v2\/pages\/1237\/revisions"}],"predecessor-version":[{"id":1239,"href":"https:\/\/kismed.eu\/index.php\/wp-json\/wp\/v2\/pages\/1237\/revisions\/1239"}],"wp:attachment":[{"href":"https:\/\/kismed.eu\/index.php\/wp-json\/wp\/v2\/media?parent=1237"}],"curies":[{"name":"wp","href":"https:\/\/api.w.org\/{rel}","templated":true}]}}